{"id":795,"date":"2025-03-29T20:27:04","date_gmt":"2025-03-29T19:27:04","guid":{"rendered":"https:\/\/soilahelena.ch\/wordpress\/?page_id=795"},"modified":"2025-03-30T14:21:46","modified_gmt":"2025-03-30T12:21:46","slug":"dein-potenzial-dein-weg","status":"publish","type":"page","link":"https:\/\/soilahelena.ch\/wordpress\/index.php\/dein-potenzial-dein-weg\/","title":{"rendered":"Dein Potenzial &#8211; Dein Weg"},"content":{"rendered":"<p>Je bewusster Du wirst, desto mehr erkennst Du Dein Potenzial, viel mehr zu sein als Du denkst. Das gibt Dir den Mut, Deine Talente, F\u00e4higkeiten und Gaben zu entdecken und weiterzuentwickeln. Dir wird bewusst, wie Deine Gedanken Deine Realit\u00e4t formen und wie Du von Innen heraus kreierst &#8211; in jedem Moment, bewusst oder unbewusst. Du kannst Deinen Weg selbst bestimmen. Selbsterkenntnis f\u00fchrt Dich immer mehr zu Deinem H\u00f6heren Selbst, das mit Liebe, Freude und Frieden kreiert. Dein kleines Ich, Ego, bleibt ein guter Diener &#8211; und hat immer weniger Macht \u00fcber Dich und Dein Leben.<\/p>\n<p>Dieser Weg bedarf nach Innen zu gehen, zur Ruhe zu kommen, in der Stille zu lauschen. Du kannst die Methoden w\u00e4hlen, wie Du am besten dazu kommst. Ich gehe am liebsten alleine in die Natur und verbinde mich bewusst mit der Licht- und Natur-Welt. Auch gebe ich mir selbst t\u00e4glich energetische Behandlungen, zum Beispiel durchflute mich mit dem kristallweissen Licht aus der Quelle oder \u00fcbergebe es der Engel-Welt, mir das zu geben, was zum h\u00f6chsten Wohl ist. Egal welche Methode, das wichtigste ist, sich zu \u00f6ffnen, damit die Energie frei fliessen kann.<\/p>\n<p>Meine multidimensionale Erfahrungen samt mediale F\u00e4higkeiten k\u00f6nnen auch f\u00fcr Dich hilfreich sein. Ich w\u00fcrde mich sehr freuen, Dich auf Deinem Weg ein St\u00fcck begleiten zu d\u00fcrfen.<\/p>\n<p>Herzlich Soila Helena<\/p>\n<p><img loading=\"lazy\" decoding=\"async\" class=\"alignnone size-medium wp-image-812\" src=\"https:\/\/soilahelena.ch\/wordpress\/wp-content\/uploads\/2025\/03\/trees-7719110_1280-300x200.jpg\" alt=\"Sonne, Natur\" width=\"300\" height=\"200\" srcset=\"https:\/\/soilahelena.ch\/wordpress\/wp-content\/uploads\/2025\/03\/trees-7719110_1280-300x200.jpg 300w, https:\/\/soilahelena.ch\/wordpress\/wp-content\/uploads\/2025\/03\/trees-7719110_1280-700x466.jpg 700w, https:\/\/soilahelena.ch\/wordpress\/wp-content\/uploads\/2025\/03\/trees-7719110_1280-768x512.jpg 768w, https:\/\/soilahelena.ch\/wordpress\/wp-content\/uploads\/2025\/03\/trees-7719110_1280-800x533.jpg 800w, https:\/\/soilahelena.ch\/wordpress\/wp-content\/uploads\/2025\/03\/trees-7719110_1280.jpg 1280w\" sizes=\"auto, (max-width: 300px) 100vw, 300px\" \/><\/p>\n<p>&nbsp;<\/p>\n","protected":false},"excerpt":{"rendered":"<p>Je bewusster Du wirst, desto mehr erkennst Du Dein Potenzial, viel mehr zu sein als Du denkst. Das gibt Dir den Mut, Deine Talente, F\u00e4higkeiten und Gaben zu entdecken und weiterzuentwickeln. Dir wird bewusst, wie Deine Gedanken Deine Realit\u00e4t formen und wie Du von Innen heraus kreierst &#8211; in jedem Moment, bewusst oder unbewusst. Du&#8230;<\/p>\n","protected":false},"author":1,"featured_media":0,"parent":0,"menu_order":0,"comment_status":"closed","ping_status":"closed","template":"","meta":{"footnotes":""},"class_list":["post-795","page","type-page","status-publish","hentry"],"_links":{"self":[{"href":"https:\/\/soilahelena.ch\/wordpress\/index.php\/wp-json\/wp\/v2\/pages\/795","targetHints":{"allow":["GET"]}}],"collection":[{"href":"https:\/\/soilahelena.ch\/wordpress\/index.php\/wp-json\/wp\/v2\/pages"}],"about":[{"href":"https:\/\/soilahelena.ch\/wordpress\/index.php\/wp-json\/wp\/v2\/types\/page"}],"author":[{"embeddable":true,"href":"https:\/\/soilahelena.ch\/wordpress\/index.php\/wp-json\/wp\/v2\/users\/1"}],"replies":[{"embeddable":true,"href":"https:\/\/soilahelena.ch\/wordpress\/index.php\/wp-json\/wp\/v2\/comments?post=795"}],"version-history":[{"count":5,"href":"https:\/\/soilahelena.ch\/wordpress\/index.php\/wp-json\/wp\/v2\/pages\/795\/revisions"}],"predecessor-version":[{"id":815,"href":"https:\/\/soilahelena.ch\/wordpress\/index.php\/wp-json\/wp\/v2\/pages\/795\/revisions\/815"}],"wp:attachment":[{"href":"https:\/\/soilahelena.ch\/wordpress\/index.php\/wp-json\/wp\/v2\/media?parent=795"}],"curies":[{"name":"wp","href":"https:\/\/api.w.org\/{rel}","templated":true}]}}

<p>Je bewusster Du wirst, desto mehr erkennst Du Dein Potenzial, viel mehr zu sein als Du denkst. Das gibt Dir den Mut, Deine Talente, Fähigkeiten und Gaben zu entdecken und weiterzuentwickeln. Dir wird bewusst, wie Deine Gedanken Deine Realität formen und wie Du von Innen heraus kreierst &#8211; in jedem Moment, bewusst oder unbewusst. Du kannst Deinen Weg selbst bestimmen. Selbsterkenntnis führt Dich immer mehr zu Deinem Höheren Selbst, das mit Liebe, Freude und Frieden kreiert. Dein kleines Ich, Ego, bleibt ein guter Diener &#8211; und hat immer weniger Macht über Dich und Dein Leben.</p>
<p>Dieser Weg bedarf nach Innen zu gehen, zur Ruhe zu kommen, in der Stille zu lauschen. Du kannst die Methoden wählen, wie Du am besten dazu kommst. Ich gehe am liebsten alleine in die Natur und verbinde mich bewusst mit der Licht- und Natur-Welt. Auch gebe ich mir selbst täglich energetische Behandlungen, zum Beispiel durchflute mich mit dem kristallweissen Licht aus der Quelle oder übergebe es der Engel-Welt, mir das zu geben, was zum höchsten Wohl ist. Egal welche Methode, das wichtigste ist, sich zu öffnen, damit die Energie frei fliessen kann.</p>
<p>Meine multidimensionale Erfahrungen samt mediale Fähigkeiten können auch für Dich hilfreich sein. Ich würde mich sehr freuen, Dich auf Deinem Weg ein Stück begleiten zu dürfen.</p>
<p>Herzlich Soila Helena</p>
<p><img loading="lazy" decoding="async" class="alignnone size-medium wp-image-812" src="https://soilahelena.ch/wordpress/wp-content/uploads/2025/03/trees-7719110_1280-300x200.jpg" alt="Sonne, Natur" width="300" height="200" srcset="https://soilahelena.ch/wordpress/wp-content/uploads/2025/03/trees-7719110_1280-300x200.jpg 300w, https://soilahelena.ch/wordpress/wp-content/uploads/2025/03/trees-7719110_1280-700x466.jpg 700w, https://soilahelena.ch/wordpress/wp-content/uploads/2025/03/trees-7719110_1280-768x512.jpg 768w, https://soilahelena.ch/wordpress/wp-content/uploads/2025/03/trees-7719110_1280-800x533.jpg 800w, https://soilahelena.ch/wordpress/wp-content/uploads/2025/03/trees-7719110_1280.jpg 1280w" sizes="auto, (max-width: 300px) 100vw, 300px" /></p>
<p>&nbsp;</p>

<p>Je bewusster Du wirst, desto mehr erkennst Du Dein Potenzial, viel mehr zu sein als Du denkst. Das gibt Dir den Mut, Deine Talente, Fähigkeiten und Gaben zu entdecken und weiterzuentwickeln. Dir wird bewusst, wie Deine Gedanken Deine Realität formen und wie Du von Innen heraus kreierst &#8211; in jedem Moment, bewusst oder unbewusst. Du&#8230;</p>
